-2281?
-12c82
In base 6, what is 5 + 132014511?
132014520
In base 12, what is 1861 + -b4ba?
-9859
In base 2, what is -101 + -101110100101010110101111?
-101110100101010110110100
In base 8, what is 55254 - -502?
55756
In base 3, what is -211 - -122200122212?
122200122001
In base 8, what is -16162032 - -5?
-16162025
In base 6, what is -5 - -244100212?
244100203
In base 16, what is -3 - 1cfb9df?
-1cfb9e2
In base 15, what is 138a + 15d?
14e8
In base 14, what is -245 - -9c26?
99c1
In base 7, what is 6314 + -2331?
3653
In base 5, what is 1 + -414244002?
-414244001
In base 9, what is 111 - 211832?
-211721
In base 6, what is 4 - 153233310?
-153233302
In base 11, what is 621075 + -353?
620822
In base 14, what is b40c + -463?
ad89
In base 3, what is -2222 - 2022120221?
-2022200220
In base 10, what is -80 + -245370?
-245450
In base 8, what is -5537432 - 30?
-5537462
In base 11, what is -1581 + 5458?
3987
In base 15, what is 5 + -5ecab?
-5eca6
In base 2, what is 101011100011010001001110101010 + -101?
101011100011010001001110100101
In base 9, what is -8020 + -5437?
-14457
In base 13, what is -18167 - -970?
-174c7
In base 16, what is adb656 - 5?
adb651
In base 5, what is -2312 + -2314432?
-2322244
In base 3, what is 22200212021221 + 10100?
22200212102021
In base 8, what is 14646 + 5736?
22604
In base 2, what is 110111001000001001100 + -10110?
110111001000000110110
In base 13, what is -a253 + 1a32?
-8521
In base 13, what is 76c5874 + 1?
76c5875
In base 9, what is 4 - 2470225?
-2470221
In base 8, what is 4621765 + 20?
4622005
In base 10, what is -3909807 + 22?
-3909785
In base 14, what is -1 - 2803db2?
-2803db3
In base 8, what is -46 + 32020231?
32020163
In base 14, what is -9 - -dcd760?
dcd755
In base 12, what is -5229b62 + 66?
-5229ab8
In base 4, what is 20 - 332103101?
-332103021
In base 10, what is 7 + -60319662?
-60319655
In base 7, what is -120055 + -1600?
-121655
In base 13, what is b + 2c5999?
2c59a7
In base 16, what is -8d + 62f29?
62e9c
In base 11, what is 3629 + 94a9?
12027
In base 11, what is -1093 - 8aa2?
-a085
In base 13, what is 1a + -1aca00?
-1ac9b3
In base 14, what is -1c9305 + -59?
-1c9360
In base 7, what is -1060 + 141553?
140463
In base 4, what is 11032212020 + -123?
11032211231
In base 6, what is 2025 - 133040?
-131011
In base 6, what is 2531142 - 4014?
2523124
In base 6, what is -20302450 + 12?
-20302434
In base 4, what is -201 + -1001202023?
-1001202230
In base 10, what is 1327610 + -52?
1327558
In base 12, what is 179a808b + -3?
179a8088
In base 12, what is -4ba4 - 27707?
-306ab
In base 10, what is 166240 - 598?
165642
In base 8, what is 30526055 - 1?
30526054
In base 10, what is -2967 - 67377?
-70344
In base 6, what is 3015554 + -42?
3015512
In base 8, what is 5427 - 1013?
4414
In base 7, what is 2 + 54301633?
54301635
In base 4, what is -120 - -2220313223?
2220313103
In base 7, what is 126663464 - 1?
126663463
In base 5, what is 4 + 1113203233?
1113203242
In base 12, what is 2 + -33b9172?
-33b9170
In base 12, what is -4b5a27 - 4a?
-4b5a75
In base 12, what is 1052 + -137416?
-136384
In base 7, what is -66324 - -20?
-66304
In base 4, what is -11131120001030 - 11?
-11131120001101
In base 3, what is 221010222020012 - 12?
221010222020000
In base 9, what is -34004 + 8087?
-24806
In base 5, what is 101412121112 - -33?
101412121200
In base 4, what is -231 - 12131003000?
-12131003231
In base 14, what is -20dd + -50c1?
-71c0
In base 4, what is 2011 - -123021222?
123023233
In base 12, what is 61704 - -ba2?
626a6
In base 13, what is -3 - -a3275?
a3272
In base 9, what is 80271 + 8284?
88565
In base 3, what is 0 + 10111102202000021?
10111102202000021
In base 4, what is 30230230202023 - 2?
30230230202021
In base 5, what is -1423 + -304432?
-311410
In base 15, what is -4da - d50?
-133a
In base 3, what is 1120200001 - -12210?
1120212211
In base 10, what is 586704 + 566?
587270
In base 6, what is -25 + -1135501?
-1135530
In base 11, what is 686454 + -95?
68636a
In base 13, what is 29caca7 + 17?
29cacc1
In base 10, what is 5853 + -991?
4862
In base 13, what is -5a6 - -2339c?
22ac6
In base 15, what is -b5 + 8178d?
816c8
In base 6, what is 0 + -112235412?
-112235412
In base 13, what is 9a + -2aa33c?
-2aa272
In base 14, what is 8c38 + 353d?
c377
In base 7, what is -6 + 1020651311?
1020651302
In base 7, what is 5 - 1440161331?
-1440161323
In base 14, what is -1d7964 - -9?
-1d7959
In base 5, what is -23344200122 - 2?
-23344200124
In base 8, what is -5 - -7705040?
7705033
In base 16, what is 26 + 407cb0?
407cd6
In base 5, what is -33112 + -13224?
-101341
In base 14, what is 4205 + -36cc?
917
In base 6, what is 5131104 - -10520?
5142024
In base 3, what is 211 + 10012202102202?
10012202110120
In base 16, what is 1d54 - -75b6?
930a
In base 14, what is -b63cc + 32b?
-b60a1
In base 3, what is 201000002210202120 - 11?
201000002210202102
In base 4, what is 3 - 10213303100230?
-10213303100221
In base 6, what is -23150205 - -23?
-23150142
In base 12, what is a9 + 1758a6?
175993
In base 13, what is 10ab5 - -445?
1122a
In base 7, what is -204502 + -20241?
-225043
In base 13, what is 44b0 + 14c?
462c
In base 8, what is 60255 + 263?
60540
In base 8, what is -4 + 72037451?
72037445
In base 14, what is -569c14c2 + 4?
-569c14bc
In base 7, what is 10 + 1332320256?
1332320266
In base 9, what is 1413110 + 3?
1413113
In base 8, what is 151746307 - -2?
151746311
In base 8, what is -42671 - 7141?
-52032
In base 11, what is 6716 - -a033?
15749
In base 4, what is -312 + 2011302302?
2011301330
In base 3, what is -2011 + 10222101011200?
10222101002112
In base 16, what is -215d93 + -13?
-215da6
In base 14, what is 4a + 24bc29?
24bc75
In base 10, what is -129308 - -186?
-129122
In base 2, what is 1110101101111 - 110001111001?
1000011110110
In base 6, what is 4 - 10453442243?
-10453442235
In base 6, what is 1 - -110221224040?
110221224041
In base 3, what is 2221101022000 + 2?
2221101022002
In base 10, what is -8 - -2354413?
2354405
In base 3, what is 12100120001002 + -2?
12100120001000
In base 8, what is 31412 - 11046?
20344
In base 10, what is -3174 + -105?
-3279
In base 5, what is -4104401 + 134314?
-3420032
In base 8, what is 0 - 3651522?
-3651522
In base 2, what is 10011 + 1010110110100100100?
1010110110100110111
In base 3, what is -121200202 + -12001222212?
-12200200121
In base 5, what is -140024143 - 10?
-140024203
In base 13, what is -94 + -79a63?
-79b27
In base 2, what is -1001101101111 + 1000101111010101?
111100001100110
In base 4, what is -12121 - -301110?
222323
In base 12, what is -128685 - -12a7?
-12739a
In base 16, what is 1f643a - -4?
1f643e
In base 11, what is -3750 + -42a?
-407a
In base 7, what is 5 - 22664506?
-22664501
In base 16, what is 3 + 663dc?
663df
In base 3, what is 120 + -120101010021?
-120101002201
In base 5, what is 1022340331 - -1132?
1022342013
In base 15, what is -12 - -149372?
149360
In base 2, what is 10101110011011010110101 - 100?
10101110011011010110001
In base 14, what is -14 + 11d12ba?
11d12a6
In base 15, what is 204 - 6b75?
-6971
In base 6, what is 302 - -405400?
410102
In base 4, what is -312303 + -13133133?
-20112102
In base 13, what is -239 + 5054c2?
505286
In base 9, what is 270883 - 1?
270882
In base 14, what is -5 - -a5ad908?
a5ad903
In base 10, what is -46117604 + 2?
-46117602
In base 11, what is a18 - -14315?
15232
In base 4, what is -320 + 103001?
102021
In base 6, what is -1 + -35452454?
-35452455
In base 5, what is -4144021214 + -4?
-4144021223
In base 15, what is 1369c9 + -2d?
13699b
In base 11, what is -866 - -24844?
23a89
In base 9, what is 41412061 - 4?
41412056
In base 8, what is 3 - 5050065?
-5050062
In base 7, what is -26631545 - 436?
-26632314
In base 10, what is 2126 + -5399?
-3273
In base 16, what is -8 - -5199b7?
5199af
In base 10, what is 2 - -11159553?
11159555
In base 8, what is 111264251 - 1?
111264250
In base 2, what is 101101010010 - 1000100110010?
-10111100000
In base 4, what is 2 + 12123231001?
12123231003
In base 2, what is 101 + -1101101100101100001100000?
-1101101100101100001011011
In base 11, what is -805 + 1283?
579
In base 2, what is 1011001100001101 - 10100111111?
1010110111001110
In base 5, what is 2142132013 - 4?
2142132004
In base 11, what is 420755 - 60?
4206a5
In base 6, what is -43344 + -520114?
-1003